{"id":1597,"date":"2020-03-28T10:57:23","date_gmt":"2020-03-28T10:57:23","guid":{"rendered":"http:\/\/jugendhilfe-team.de\/?page_id=1597"},"modified":"2020-04-16T12:58:56","modified_gmt":"2020-04-16T12:58:56","slug":"ueber-uns","status":"publish","type":"page","link":"https:\/\/jugendhilfe-team.de\/?page_id=1597","title":{"rendered":"Geschichte"},"content":{"rendered":"<p>[et_pb_section fb_built=&#8220;1&#8243; _builder_version=&#8220;4.4.2&#8243; custom_padding=&#8220;10px||10px||false|false&#8220;][et_pb_row column_structure=&#8220;1_4,1_4,1_4,1_4&#8243; _builder_version=&#8220;4.4.2&#8243; width=&#8220;100%&#8220; max_width=&#8220;2560px&#8220; custom_margin=&#8220;-506px|auto||auto||&#8220; custom_padding=&#8220;|0px||0px|false|false&#8220;][et_pb_column type=&#8220;1_4&#8243; _builder_version=&#8220;4.4.2&#8243; custom_padding=&#8220;0px|0px|0px|0px|false|false&#8220;][et_pb_divider color=&#8220;#dd45e8&#8243; divider_weight=&#8220;11px&#8220; _builder_version=&#8220;4.4.2&#8243; custom_margin=&#8220;0px|0px|0px|0px|false|false&#8220; custom_padding=&#8220;0px|0px|0px|0px|false|false&#8220;][\/et_pb_divider][\/et_pb_column][et_pb_column type=&#8220;1_4&#8243; _builder_version=&#8220;4.4.2&#8243; custom_padding=&#8220;0px|0px|0px|0px|false|false&#8220;][et_pb_divider color=&#8220;#279cea&#8220; divider_weight=&#8220;12px&#8220; _builder_version=&#8220;4.4.2&#8243; custom_margin=&#8220;0px|0px|0px|0px|false|false&#8220; custom_padding=&#8220;0px|0px|0px|0px|false|false&#8220;][\/et_pb_divider][\/et_pb_column][et_pb_column type=&#8220;1_4&#8243; _builder_version=&#8220;4.4.2&#8243; custom_padding=&#8220;0px|0px|0px|0px|false|false&#8220;][et_pb_divider color=&#8220;#ef7a21&#8243; divider_weight=&#8220;12px&#8220; _builder_version=&#8220;4.4.2&#8243; custom_margin=&#8220;0px|0px|0px|0px|false|false&#8220; custom_padding=&#8220;0px|0px|0px|0px|false|false&#8220;][\/et_pb_divider][\/et_pb_column][et_pb_column type=&#8220;1_4&#8243; _builder_version=&#8220;4.4.2&#8243; custom_padding=&#8220;0px|0px|0px|0px|false|false&#8220;][et_pb_divider color=&#8220;#e02323&#8243; divider_weight=&#8220;12px&#8220; _builder_version=&#8220;4.4.2&#8243; custom_margin=&#8220;0px|0px|0px|0px|false|false&#8220; custom_padding=&#8220;0px|0px|0px|0px|false|false&#8220;][\/et_pb_divider][\/et_pb_column][\/et_pb_row][\/et_pb_section][et_pb_section fb_built=&#8220;1&#8243; fullwidth=&#8220;on&#8220; _builder_version=&#8220;4.4.2&#8243;][et_pb_fullwidth_slider _builder_version=&#8220;4.4.2&#8243; max_height=&#8220;400px&#8220; custom_padding=&#8220;||341px|||&#8220;][et_pb_slide _builder_version=&#8220;4.4.2&#8243; background_image=&#8220;https:\/\/jugendhilfe-team.de\/wp-content\/uploads\/2020\/02\/JHT_Team_01-1.jpg&#8220; background_enable_image=&#8220;on&#8220;][\/et_pb_slide][\/et_pb_fullwidth_slider][\/et_pb_section][et_pb_section fb_built=&#8220;1&#8243; fullwidth=&#8220;on&#8220; _builder_version=&#8220;4.4.2&#8243;][et_pb_fullwidth_image src=&#8220;https:\/\/jugendhilfe-team.de\/wp-content\/uploads\/2020\/03\/Divi_Divider.png&#8220; _builder_version=&#8220;4.4.2&#8243;][\/et_pb_fullwidth_image][\/et_pb_section][et_pb_section fb_built=&#8220;1&#8243; _builder_version=&#8220;4.4.2&#8243; custom_padding=&#8220;10px||10px||false|false&#8220;][et_pb_row _builder_version=&#8220;4.4.2&#8243; custom_padding=&#8220;||0px||false|false&#8220;][et_pb_column type=&#8220;4_4&#8243; _builder_version=&#8220;4.4.2&#8243;][et_pb_text _builder_version=&#8220;4.4.2&#8243; hover_enabled=&#8220;0&#8243;]<\/p>\n<h1>Es war einmal\u2026<\/h1>\n<p>Im Juli 1996 entschieden sich Barbara Lindemann-Rittinghaus und Berthold Koepchen, den Schritt in die Selbstst\u00e4ndigkeit zu wagen. Fernab der gewohnten Bez\u00fcge von Tarifvertr\u00e4gen, Weihnachtsgeld und Urlaubstagen wollten sie die Jugendhilfelandschaft in Wuppertal bereichern. Die Erfahrungen der Vergangenheit und der Wille, immer neues zu lernen, trieb sie an.<\/p>\n<p>Selbstst\u00e4ndigkeit in der Jugendhilfe war zu diesem Zeitpunkt neu. Als erster selbstst\u00e4ndiger Tr\u00e4ger in Wuppertal waren zun\u00e4chst einige H\u00fcrden zu meistern.<\/p>\n<p>Den Ruf der Freiheit lockte 1998 Ursula Ke\u00dfler-Liebner zum Jugendhilfe-Team. Sie komplettierte f\u00fcr viele Jahre das Team, das sich selbst gerne so beschrieb:<\/p>\n<h3>Wir sind ein Team: zwei Frauen und ein Mann<\/h3>\n<p>Vor 12 Jahren gesellte sich R\u00fcdiger Kakies zum Team und machte aus einem Mann zwei.<\/p>\n<h3>Heute<\/h3>\n<p>Im Jahr 2017 wurde die Suche nach Nachfolger*innen pl\u00f6tzlich konkret. Mit der Frage:<br \/> \u201eWann geht ihr denn in Rente?\u201c\u00a0startete eine kurze und sehr ereignisreiche Zusammenarbeit.<\/p>\n<p>In 2018 traten Laura Schr\u00f6ter und Anne Becker gemeinsam mit R\u00fcdiger Kakies als \u201ealtem Hasen\u201c die Nachfolge an. In einem Jahr zu f\u00fcnft wurde der Staffelstab an die n\u00e4chste Generation Jugendhilfe-Team \u00fcbergeben. Mit einem lachenden und einem weinenden Auge verabschiedeten wir Ursula Ke\u00dfler-Liebner und Berthold Koepchen in den Ruhestand.<\/p>\n<p>Jetzt ist 2019 und es bleibt dabei:<\/p>\n<h3>Wir sind ein Team: zwei Frauen und ein Mann<\/h3>\n<p>&nbsp;<\/p>\n<p>[\/et_pb_text][\/et_pb_column][\/et_pb_row][\/et_pb_section][et_pb_section fb_built=&#8220;1&#8243; _builder_version=&#8220;4.4.2&#8243; custom_margin=&#8220;0px||||false|false&#8220;][et_pb_row _builder_version=&#8220;4.4.2&#8243; border_radii=&#8220;on|14px|14px|14px|14px&#8220; border_width_all=&#8220;3px&#8220; border_color_all=&#8220;#0c71c3&#8243; border_style_all=&#8220;dotted&#8220;][et_pb_column type=&#8220;4_4&#8243; _builder_version=&#8220;4.4.2&#8243;][et_pb_text _builder_version=&#8220;4.4.2&#8243; custom_margin=&#8220;|||44px|false|false&#8220; border_color_all=&#8220;#e02b20&#8243;]<\/p>\n<h1>Alleinstellungsmerkmal<\/h1>\n<p>Wir sind\u2026<\/p>\n<ul>\n<li><strong>Flexibel<\/strong><\/li>\n<li><strong>Neugierig<\/strong><\/li>\n<li><strong>Nicht zu viele und nicht zu wenige<\/strong><\/li>\n<li><strong>Vernetzt<\/strong><\/li>\n<li><strong>Humorvoll<\/strong><\/li>\n<li><strong>Mutig<\/strong><\/li>\n<li><strong>Nah genug dran und weit genug entfernt<\/strong><\/li>\n<li><strong>Mal laut, mal leise<\/strong><\/li>\n<li><strong>Authentisch<\/strong><\/li>\n<\/ul>\n<p>[\/et_pb_text][\/et_pb_column][\/et_pb_row][\/et_pb_section][et_pb_section fb_built=&#8220;1&#8243; fullwidth=&#8220;on&#8220; _builder_version=&#8220;4.4.2&#8243;][et_pb_fullwidth_image src=&#8220;https:\/\/jugendhilfe-team.de\/wp-content\/uploads\/2020\/03\/Divi_Divider.png&#8220; _builder_version=&#8220;4.4.2&#8243;][\/et_pb_fullwidth_image][\/et_pb_section]<\/p>\n","protected":false},"excerpt":{"rendered":"<p>Es war einmal\u2026 Im Juli 1996 entschieden sich Barbara Lindemann-Rittinghaus und Berthold Koepchen, den Schritt in die Selbstst\u00e4ndigkeit zu wagen. Fernab der gewohnten Bez\u00fcge von Tarifvertr\u00e4gen, Weihnachtsgeld und Urlaubstagen wollten sie die Jugendhilfelandschaft in Wuppertal bereichern. Die Erfahrungen der Vergangenheit und der Wille, immer neues zu lernen, trieb sie an. Selbstst\u00e4ndigkeit in der Jugendhilfe war [&hellip;]<\/p>\n","protected":false},"author":1,"featured_media":0,"parent":0,"menu_order":0,"comment_status":"closed","ping_status":"closed","template":"","meta":{"_et_pb_use_builder":"on","_et_pb_old_content":"","_et_gb_content_width":"","footnotes":""},"class_list":["post-1597","page","type-page","status-publish","hentry"],"_links":{"self":[{"href":"https:\/\/jugendhilfe-team.de\/index.php?rest_route=\/wp\/v2\/pages\/1597","targetHints":{"allow":["GET"]}}],"collection":[{"href":"https:\/\/jugendhilfe-team.de\/index.php?rest_route=\/wp\/v2\/pages"}],"about":[{"href":"https:\/\/jugendhilfe-team.de\/index.php?rest_route=\/wp\/v2\/types\/page"}],"author":[{"embeddable":true,"href":"https:\/\/jugendhilfe-team.de\/index.php?rest_route=\/wp\/v2\/users\/1"}],"replies":[{"embeddable":true,"href":"https:\/\/jugendhilfe-team.de\/index.php?rest_route=%2Fwp%2Fv2%2Fcomments&post=1597"}],"version-history":[{"count":0,"href":"https:\/\/jugendhilfe-team.de\/index.php?rest_route=\/wp\/v2\/pages\/1597\/revisions"}],"wp:attachment":[{"href":"https:\/\/jugendhilfe-team.de\/index.php?rest_route=%2Fwp%2Fv2%2Fmedia&parent=1597"}],"curies":[{"name":"wp","href":"https:\/\/api.w.org\/{rel}","templated":true}]}}