{"id":1694,"date":"2020-03-28T12:55:11","date_gmt":"2020-03-28T12:55:11","guid":{"rendered":"http:\/\/jugendhilfe-team.de\/?page_id=1694"},"modified":"2020-03-30T12:30:23","modified_gmt":"2020-03-30T12:30:23","slug":"trimb-methode","status":"publish","type":"page","link":"https:\/\/jugendhilfe-team.de\/?page_id=1694","title":{"rendered":"TRIMB\u00ae Methode"},"content":{"rendered":"\n[et_pb_section fb_built=&#8220;1&#8243; _builder_version=&#8220;4.4.2&#8243; custom_padding=&#8220;10px||10px||false|false&#8220;][et_pb_row column_structure=&#8220;1_4,1_4,1_4,1_4&#8243; _builder_version=&#8220;4.4.2&#8243; width=&#8220;100%&#8220; max_width=&#8220;2560px&#8220; custom_margin=&#8220;-506px|auto||auto||&#8220; custom_padding=&#8220;|0px||0px|false|false&#8220;][et_pb_column type=&#8220;1_4&#8243; _builder_version=&#8220;4.4.2&#8243; custom_padding=&#8220;0px|0px|0px|0px|false|false&#8220;][et_pb_divider color=&#8220;#dd45e8&#8243; divider_weight=&#8220;11px&#8220; _builder_version=&#8220;4.4.2&#8243; custom_margin=&#8220;0px|0px|0px|0px|false|false&#8220; custom_padding=&#8220;0px|0px|0px|0px|false|false&#8220;][\/et_pb_divider][\/et_pb_column][et_pb_column type=&#8220;1_4&#8243; _builder_version=&#8220;4.4.2&#8243; custom_padding=&#8220;0px|0px|0px|0px|false|false&#8220;][et_pb_divider color=&#8220;#279cea&#8220; divider_weight=&#8220;12px&#8220; _builder_version=&#8220;4.4.2&#8243; custom_margin=&#8220;0px|0px|0px|0px|false|false&#8220; custom_padding=&#8220;0px|0px|0px|0px|false|false&#8220;][\/et_pb_divider][\/et_pb_column][et_pb_column type=&#8220;1_4&#8243; _builder_version=&#8220;4.4.2&#8243; custom_padding=&#8220;0px|0px|0px|0px|false|false&#8220;][et_pb_divider color=&#8220;#ef7a21&#8243; divider_weight=&#8220;12px&#8220; _builder_version=&#8220;4.4.2&#8243; custom_margin=&#8220;0px|0px|0px|0px|false|false&#8220; custom_padding=&#8220;0px|0px|0px|0px|false|false&#8220;][\/et_pb_divider][\/et_pb_column][et_pb_column type=&#8220;1_4&#8243; _builder_version=&#8220;4.4.2&#8243; custom_padding=&#8220;0px|0px|0px|0px|false|false&#8220;][et_pb_divider color=&#8220;#e02323&#8243; divider_weight=&#8220;12px&#8220; _builder_version=&#8220;4.4.2&#8243; custom_margin=&#8220;0px|0px|0px|0px|false|false&#8220; custom_padding=&#8220;0px|0px|0px|0px|false|false&#8220;][\/et_pb_divider][\/et_pb_column][\/et_pb_row][\/et_pb_section][et_pb_section fb_built=&#8220;1&#8243; fullwidth=&#8220;on&#8220; _builder_version=&#8220;4.4.2&#8243; custom_padding=&#8220;||||false|false&#8220;][et_pb_fullwidth_slider use_bg_overlay=&#8220;on&#8220; _builder_version=&#8220;4.4.2&#8243; max_height=&#8220;400px&#8220; custom_padding=&#8220;||341px|||&#8220; auto=&#8220;on&#8220; border_radii_image=&#8220;off|||10px|&#8220;][et_pb_slide _builder_version=&#8220;4.4.2&#8243; background_image=&#8220;https:\/\/jugendhilfe-team.de\/wp-content\/uploads\/2020\/03\/Slider_10.jpg&#8220; background_enable_image=&#8220;on&#8220;][\/et_pb_slide][\/et_pb_fullwidth_slider][\/et_pb_section][et_pb_section fb_built=&#8220;1&#8243; fullwidth=&#8220;on&#8220; _builder_version=&#8220;4.4.2&#8243;][et_pb_fullwidth_image src=&#8220;https:\/\/jugendhilfe-team.de\/wp-content\/uploads\/2020\/03\/Divi_Divider.png&#8220; _builder_version=&#8220;4.4.2&#8243;][\/et_pb_fullwidth_image][\/et_pb_section][et_pb_section fb_built=&#8220;1&#8243; _builder_version=&#8220;4.4.2&#8243; custom_padding=&#8220;10px||10px||false|false&#8220;][et_pb_row column_structure=&#8220;1_4,3_4&#8243; _builder_version=&#8220;4.4.2&#8243; custom_margin=&#8220;|||30px|false|false&#8220;][et_pb_column type=&#8220;1_4&#8243; _builder_version=&#8220;4.4.2&#8243;][et_pb_image src=&#8220;https:\/\/jugendhilfe-team.de\/wp-content\/uploads\/2020\/03\/Trimb_Symbol.png&#8220; force_fullwidth=&#8220;on&#8220; _builder_version=&#8220;4.4.2&#8243; custom_padding=&#8220;0px||||false|false&#8220;][\/et_pb_image][\/et_pb_column][et_pb_column type=&#8220;3_4&#8243; _builder_version=&#8220;4.4.2&#8243;][et_pb_text _builder_version=&#8220;4.4.2&#8243; hover_enabled=&#8220;0&#8243;]<h1 class=\"av-special-heading-tag \" itemprop=\"headline\">TRIMB\u00ae\u00a0Methode<\/h1>\n<p>nach Dr. med. Ingrid Olbricht<\/p>\n<h3>(<strong>T<\/strong>rauma <strong>R<\/strong>ecapitulation with <strong>I<\/strong>magination, <strong>M<\/strong>otion and <strong>B<\/strong>reath)<\/h3>\n<p>&nbsp;<\/p>\n<p>Mit TRIMB\u00ae <sup><\/sup> im Rahmen der flexiblen Erziehungshilfe zu arbeiten bedeutet, dass Situationen aus dem Alltag bearbeitet werden k\u00f6nnen, die schwierig, belastend und\/oder \u00fcberfordernd sind, nicht jedoch traumatisch waren\/sind.<\/p>\n<p>Im Rahmen der flexiblen Erziehungshilfe kann die TRIMB\u00ae\u00a0Methode ausschlie\u00dflich zur Beratung eingesetzt werden. Dies bedeutet, es wird nicht an traumatischem Material gearbeitet werden. Es ist kein Ersatz f\u00fcr eine Traumatherapie!<\/p>\n<p>Zur Methode:<\/p>\n<p>Traumata k\u00f6nnen mit dieser sanften Methode des Prozessierens bearbeitet werden. Danach kann angesichts einer deutlichen Entlastung h\u00e4ufig auf eine klassische Trauma-Exploration verzichtet werden.<\/p>\n<p>Die Methode bezieht Imagination, Atmung und Bewegung mit ein. Es geht darum, intensive Bindungen\/Gef\u00fchle zu bearbeiten und zu transformieren, bzw. ungute Verstrickungen in Beziehungen zu l\u00f6sen. Auch Trigger und Erinnerungen an traumatische Szenen k\u00f6nnen hierdurch entsch\u00e4rft werden. Angemessene \u2013 und daher ben\u00f6tigte oder sinnvolle \u2013 Gef\u00fchle werden hingegen nicht aufgel\u00f6st.<\/p>\n<p>\u00a9 Ellen Spangenberg, \u00c4rztliche Praxis f\u00fcr Psychotherapie<\/p>\n<p><a href=\"https:\/\/www.ellen-spangenberg.de\/trimb-methode\/\" target=\"_blank\" rel=\"noopener noreferrer\">www. Ellen-spangenberg.de<\/a><\/p>\n<p>&nbsp;<\/p>\n<p>&nbsp;<\/p>\n[\/et_pb_text][\/et_pb_column][\/et_pb_row][\/et_pb_section][et_pb_section fb_built=&#8220;1&#8243; fullwidth=&#8220;on&#8220; _builder_version=&#8220;4.4.2&#8243;][et_pb_fullwidth_image src=&#8220;https:\/\/jugendhilfe-team.de\/wp-content\/uploads\/2020\/03\/Divi_Divider.png&#8220; _builder_version=&#8220;4.4.2&#8243;][\/et_pb_fullwidth_image][\/et_pb_section]\n","protected":false},"excerpt":{"rendered":"<p>TRIMB\u00ae\u00a0Methode nach Dr. med. Ingrid Olbricht (Trauma Recapitulation with Imagination, Motion and Breath) &nbsp; Mit TRIMB\u00ae im Rahmen der flexiblen Erziehungshilfe zu arbeiten bedeutet, dass Situationen aus dem Alltag bearbeitet werden k\u00f6nnen, die schwierig, belastend und\/oder \u00fcberfordernd sind, nicht jedoch traumatisch waren\/sind. Im Rahmen der flexiblen Erziehungshilfe kann die TRIMB\u00ae\u00a0Methode ausschlie\u00dflich zur Beratung eingesetzt werden. [&hellip;]<\/p>\n","protected":false},"author":1,"featured_media":0,"parent":0,"menu_order":0,"comment_status":"closed","ping_status":"closed","template":"","meta":{"_et_pb_use_builder":"on","_et_pb_old_content":"","_et_gb_content_width":"","footnotes":""},"class_list":["post-1694","page","type-page","status-publish","hentry"],"_links":{"self":[{"href":"https:\/\/jugendhilfe-team.de\/index.php?rest_route=\/wp\/v2\/pages\/1694","targetHints":{"allow":["GET"]}}],"collection":[{"href":"https:\/\/jugendhilfe-team.de\/index.php?rest_route=\/wp\/v2\/pages"}],"about":[{"href":"https:\/\/jugendhilfe-team.de\/index.php?rest_route=\/wp\/v2\/types\/page"}],"author":[{"embeddable":true,"href":"https:\/\/jugendhilfe-team.de\/index.php?rest_route=\/wp\/v2\/users\/1"}],"replies":[{"embeddable":true,"href":"https:\/\/jugendhilfe-team.de\/index.php?rest_route=%2Fwp%2Fv2%2Fcomments&post=1694"}],"version-history":[{"count":0,"href":"https:\/\/jugendhilfe-team.de\/index.php?rest_route=\/wp\/v2\/pages\/1694\/revisions"}],"wp:attachment":[{"href":"https:\/\/jugendhilfe-team.de\/index.php?rest_route=%2Fwp%2Fv2%2Fmedia&parent=1694"}],"curies":[{"name":"wp","href":"https:\/\/api.w.org\/{rel}","templated":true}]}}